e greatest common divisor of k and 32.
4
Let i(k) = -9*k**3 - 2*k. Let q be i(2). Let a be (-2)/(-4)*(2 - q). What is the greatest common divisor of 13 and a?
13
Let d(y) = y**3 - 5*y**2 - y - 1. Let q = -9 - -14. Let h be d(q). Let i be 260/15 + 2/h. What is the highest common divisor of i and 51?
17
Suppose -4*r = -9*r + 300. What is the highest common divisor of r and 12?
12
Let r be 39 - 1 - (-5)/((-25)/(-10)). What is the greatest common factor of 8 and r?
8
Let k = -14 - -42. Calculate the highest common factor of 252 and k.
28
Let r(k) = -128*k. Let q be r(-1). Let f be (-4)/4 - (0 - 1). Let d = 16 + f. What is the highest common divisor of d and q?
16
Suppose -142 = -5*c - 2*z, 3*c + 10 = 4*c + 5*z. What is the greatest common factor of 30 and c?
30
Let i(j) = -j**3 + 2 - 3 + 2*j + 5*j**2 + 2*j**3. Let p be i(-3). What is the greatest common factor of p and 55?
11
Suppose -9*f + 529 = -227. Calculate the highest common factor of f and 28.
28
Let y be 726/9 - 3/(-9). Let d = y + 29. What is the highest common divisor of d and 22?
22
Let q(h) = -h**2 - 8*h + 4. Let u be q(-8). Let v(n) = -n**3 - 3*n**2 - 4*n - 4. Let d be v(-4). What is the greatest common factor of u and d?
4
Suppose 6*u - 14 = 4*u. What is the greatest common divisor of u and 7?
7
Let j(m) = -m**3 + 9*m**2 + 12*m - 2. Let q be j(10). Calculate the greatest common factor of 6 and q.
6
Suppose -7*v = -11*v + 160. What is the greatest common divisor of v and 100?
20
Let m be (2/(-5))/((-1)/(-30)). Let o(q) = q**3 + 11*q**2 - 16*q + 8. Let i be o(m). Calculate the highest common factor of 8 and i.
8
Let b(w) = 57*w**2 + 2*w + 1. Let d be b(-1). Calculate the greatest common divisor of 8 and d.
8
Let i(c) = -c**2 - c + 18. Let j be i(0). Suppose 15*p - 26 = 2*p. What is the greatest common divisor of p and j?
2
Let f(d) = d + 2. Let b be f(4). Suppose 585 = -y + b*y. Calculate the greatest common divisor of y and 13.
13
Suppose -t - 3*t + 32 = 0. Let f(u) = -u**2 - 3*u**3 + 2 + u**3 + u**3. Let w be f(0). What is the greatest common divisor of t and w?
2
Let u = 647 + -937. Let j = -194 - u. Calculate the greatest common divisor of 12 and j.
12
Let b be -3 + (4 - 3) + 0. Let i be (b - -1)/((-4)/20). What is the highest common factor of 30 and i?
5
Let k be -3 + 4 - 1 - -5. Suppose 0 = -4*j + 4*d + 20, -2*j - 11 = -6*j - k*d. What is the greatest common factor of 12 and j?
4
Let t be (-10 - -3 - -2)*7. Let a = -20 - t. Suppose -c - m = 4*c - 673, 534 = 4*c + 3*m. What is the highest common factor of c and a?
15
Suppose -3*v = -4*v + 3. Let l(p) = p**3 - 2*p**2 - 2*p + 4. Let j be l(v). Calculate the highest common divisor of 1 and j.
1
Let y(r) = 4*r - 10. Let p be y(13). Let i = -21 + p. Calculate the highest common factor of 3 and i.
3
Let i(x) = x**3 + 15*x**2 + 23*x - 4. Let l be i(-10). Calculate the highest common divisor of l and 14.
14
Let m = -15 + 21. Suppose m = y + y, -w + 3*y + 5 = 0. What is the highest common factor of 98 and w?
14
Let l(t) = -t**3 - 6*t**2 - 11*t + 2. Let d be l(-4). Calculate the greatest common factor of d and 2.
2
Let m(x) = x**2 + 3*x + 2. Let j be m(-5). Calculate the greatest common factor of j and 12.
12
Let i = -36 + 60. Suppose 3*v - 1 = 11. Suppose 29 = v*q + 5. Calculate the greatest common factor of q and i.
6
Let c = 140 - 92. Suppose -3*s = 5*u - 89, 47 = 2*u + 2*s + 9. Calculate the greatest common factor of c and u.
16
Suppose 121 = -q + 135. What is the highest common divisor of 28 and q?
14
Suppose -p - p = -l + 32, -8 = 4*p. Suppose -b - 91 = -14*b. Calculate the greatest common divisor of b and l.
7
Let d(x) = -x**3 - x**2 + 13*x + 4. Let g be d(-5). Calculate the greatest common divisor of g and 78.
39
Let v be 1/(-4) - 146/(-8). Let f be 1647/36 + (15/(-4) - -3). Calculate the greatest common factor of f and v.
9
Suppose 4*y = -4*y + 552. Calculate the highest common divisor of y and 46.
23
Let t(l) = 1. Let k(r) = 19*r + 3. Let o(n) = -k(n) + 4*t(n). Let d be o(-4). Calculate the greatest common divisor of 7 and d.
7
Let k = 11 - -24. What is the highest common factor of k and 5?
5
Suppose -5*a - 3*r + 1080 = -r, 4*r + 216 = a. What is the greatest common divisor of 24 and a?
24
Let z(v) = -v**2 - 12*v + 3. Let l be z(-11). Let i = l + 24. Suppose 22 + i = 3*d. What is the highest common divisor of 160 and d?
20
Let h be (-1060)/(-6) - (-46)/(-69). Calculate the greatest common factor of 22 and h.
22
Let u = 12 - -1. Calculate the greatest common factor of 39 and u.
13
Let c(q) = q + 5. Let i be c(7). What is the greatest common factor of i and 3?
3
Suppose -20*u = -48*u + 4312. Suppose 88 = -2*k + 6*k. Calculate the greatest common divisor of u and k.
22
Suppose 4*c - 12 = 3*c. What is the greatest common divisor of 3 and c?
3
Suppose -3*u = -15 - 0. Calculate the highest common factor of u and 10.
5
Let r = 612 + -322. Calculate the highest common factor of 116 and r.
58
Let h = 4 + -1. Suppose h*n + 111 = 3*o, -4*o - 3*n + 132 = n. What is the greatest common divisor of 5 and o?
5
Suppose -3*f + 3*a + 20 + 13 = 0, 2*f + 5*a = 22. Let v(l) = l**3 - 6*l**2 + 11*l - 5. Let b be v(7). Calculate the greatest common factor of b and f.
11
Let r(k) = 29*k**2 - 4*k - 3. Suppose 8 = -2*j - 2*a + a, -5*a = -3*j + 14. Let q be r(j). Let o = -66 + q. Calculate the highest common divisor of o and 11.
11
Let j(t) = -t**2 + 17*t + 20. Suppose -5*s = o - 54, 4*o = -s - s + 36. Let r be j(s). Calculate the greatest common divisor of 18 and r.
18
Let l(n) = -4*n - 33. Let k be l(-15). Calculate the highest common divisor of k and 243.
27
Suppose -u = -3*u + 32. Suppose -10*t = 2*t - 24. What is the greatest common factor of t and u?
2
Suppose -2*h + x + 13 = 0, -2 = -h - 3*x + 5*x. What is the greatest common factor of h and 20?
4
Let o = -16 + 20. Suppose -3*i - o + 274 = 0. Calculate the greatest common divisor of i and 18.
18
Let t(m) = -3*m - 4. Let h be t(-8). Calculate the greatest common factor of h and 140.
20
Let l = 1 + -3. Let d be 1/l*(-3 - -1). Suppose 0 = 3*r - 9 - 24. What is the greatest common divisor of r and d?
1
Suppose 30 = 3*f - 4*g - 0*g, -5*g = -4*f + 41. Let k be 1/(0 + (-3 - -2)). Let n = k - -8. What is the highest common factor of n and f?
7
Let p(n) = n**3 + 8*n**2 - n - 5. Let a be p(-8). Suppose 7*r - 320 = 2*r + 5*z, 0 = -a*z. Calculate the greatest common factor of 16 and r.
16
Let z(n) be the first derivative of n**4/4 + 4*n**3/3 - n**2/2 + n - 1. Let d be z(-3). Let j = 23 - d. Calculate the highest common factor of 5 and j.
5
Let f be 4/(32/(-90))*-12. Let q = -10 - -25. What is the highest common divisor of q and f?
15
Let q(x) = x - 41. Let n be q(0). Let b = n - -69. Suppose 0*j - 4*j + b = 0. Calculate the highest common divisor of j and 56.
7
Let i(c) = -c**2 + 6*c - 6. Let b be i(4). What is the highest common factor of b and 1?
1
Let b = -6 + 8. Suppose 4*t = 4*p, 3*t = -1 - b. Let y be ((-108)/(-15))/(p/(-5)). Calculate the greatest common factor of y and 6.
6
Suppose -5*d + 25 = 2*o, -4*d - 2*o + 3*o = -7. Suppose 0*k - 5*t = -d*k + 12, 0 = 5*t. Calculate the highest common divisor of k and 32.
4
Let f(a) = 9*a - 1. Let t = 1 + 0. Let m be f(t). Suppose 5*g - 7 = m. What is the highest common factor of 30 and g?
3
Let t be 26*15*36/10. Suppose -3*b + t = -0*b. Suppose 4*g + 0*g - b = 0. Calculate the greatest common divisor of 13 and g.
13
Let a = 64 - 49. What is the greatest common divisor of 15 and a?
15
Suppose -g + 168 = 2*g - 5*d, 0 = 3*d. What is the greatest common divisor of 14 and g?
14
Let h = -6 + 7. Let k be 1/(h*(3 + -2)). Let z = 7 - -2. Calculate the greatest common divisor of z and k.
1
Suppose 9*n - 102 - 393 = 0. Calculate the greatest common divisor of 44 and n.
11
Let c = -33 + 72. Calculate the highest common divisor of 13 and c.
13
Suppose 0*z - z + 35 = 0. Let g be 4/2*z/14. What is the greatest common divisor of 40 and g?
5
Let s(p) = 0 + p - 1 - 1 + p**2. Let i be s(-3). Calculate the highest common factor of 20 and i.
4
Suppose 4*q + 4 = -4. Let i be 24/((3/q)/(-3)). Suppose 0 = -s - 3*s + 64. Calculate the highest common divisor of s and i.
16
Let l be (3 - 3/1)*-1 - -9. What is the greatest common divisor of 45 and l?
9
Let w be 2/(-7) - 18/(-14). Suppose 2*